(-1)/1 + 2 + -1. Suppose -2*i - 3*i + 20 = b, 5*i = 2*v + 30. Let r = 8 + v. What is the units digit of r?
3
Let i be 10/(-5) + 13*1. Suppose 2*v = -7*g + 2*g - 18, 2*g = 3*v - i. What is the units digit of (-4 - 1)*(-5 - g)?
5
Suppose 0 = -0*c - 2*c - 2. Let o be 0/(1/(c/2)). Let g = o - -6. What is the units digit of g?
6
Let c be (-1 - (-6 + 4)) + 33. Let z = c - 12. What is the tens digit of z?
2
Let h be 2/4*(1 - -3). Suppose 0 = 5*l - 2*l - 54. Suppose h*k + 6 = l. What is the units digit of k?
6
Let n = 52 + -94. Let o = n - -70. What is the units digit of o?
8
Suppose v + v - 24 = 0. What is the units digit of v?
2
Suppose -r + q = -1, r + q = -4*q + 7. Suppose t - 4*t - u + 34 = 0, -u = -r*t + 21. What is the tens digit of t?
1
Suppose 2*h - 80 = 4*v - 392, 2*h = 8. What is the tens digit of v?
8
Let f(m) = -2*m**2 - 2*m**2 + 1 + m**3 - 2*m + 3*m**2. What is the units digit of f(2)?
1
Let f(l) = -l**3 + 9*l**2 - 6*l + 6. Suppose -2*z + 8 = 3*q - 20, -52 = -4*z - 5*q. What is the tens digit of f(z)?
2
Suppose 102 = -9*n + 11*n. What is the units digit of n?
1
Let b(u) = 3*u**2 + 1. Let i be b(1). Let k = 0 + 10. Suppose -n - i = -k. What is the units digit of n?
6
Let z(n) = -26*n - 2. What is the tens digit of z(-1)?
2
Let t = 6 - 4. Suppose 10 = -m + t*b + 101, -3*b - 9 = 0. Suppose -8*v = -3*v - m. What is the tens digit of v?
1
Let q(w) = 4*w**3 - w**2 - 2*w + 1. Suppose 5*p - 5*c - 1 = 4, 4*c = 3*p - 2. Let r be q(p). What is the units digit of r/9 - 16/(-72)?
3
Suppose 0*m = -m - 7. Let k(g) = -g + 1. What is the units digit of k(m)?
8
Let y(d) = 7*d - d**3 - 4*d + 0*d**2 - 3*d**2 - 3. Let c be y(-4). What is the units digit of (c - -1)/((-4)/(-6))?
3
Let i(r) = -8*r + 5. Let z be i(4). What is the units digit of (-374)/(-18) + (-6)/z?
1
Suppose -2*g + 34 = -54. Let i = g - 31. What is the units digit of i?
3
Let f(h) = h. Let t be f(0). Let c(o) = 0*o**3 + o**2 + o**2 - o**2 + 3 + o**3. What is the units digit of c(t)?
3
What is the hundreds digit of (-340)/(-3) - (-8)/(-6)?
1
Let t(g) = g**2 + 8*g + 9. Let u be t(-7). Let h(n) = 3*n - 2 + n - u*n. What is the tens digit of h(6)?
1
Let v(b) = b**2 + 4*b + 2. What is the units digit of v(-5)?
7
Let y(i) = -46*i - 12. What is the tens digit of y(-2)?
8
Suppose -2*j + 3 - 5 = 0. Let v be ((-86)/j)/(4/2). Suppose 0 = 4*m + 7 - v. What is the units digit of m?
9
Suppose 3*l + 2*j + 34 = 3, -2*l - 2*j - 20 = 0. Let w = 4 + l. Let r = -5 - w. What is the units digit of r?
2
Suppose -4*j - 6 + 126 = 0. What is the tens digit of j?
3
Suppose -3*b = -0*y + 5*y - 218, -5*b + 118 = 3*y. Suppose 3*p - 2*r + y = 7*p, 13 = p - r. What is the tens digit of p?
1
Let p(o) = -o**3 - o**2 - 3*o - 2. What is the units digit of p(-1)?
1
Suppose 86 = 3*h - 2*a, -h + 2*h = 2*a + 34. What is the units digit of (2 - (2 + -2)) + h?
8
Let v(z) = 3*z - 9. Let f be v(8). Let i = f + 5. Suppose 4*d = -0*d + i. What is the units digit of d?
5
Let v = -8 + 5. What is the units digit of (v + 1)*-4 - 2?
6
What is the tens digit of ((-2)/6)/((-7)/777)?
3
Let w = -81 + 103. What is the units digit of w?
2
Let h(j) = -j**3 + j + 247. Let u be h(0). Suppose -7*k - 58 = -u. What is the units digit of k?
7
Suppose 0 = -u - 4*u + 35. Let g = 1 + 0. Let p = g + u. What is the units digit of p?
8
Suppose -5*k = 4*w - 75, 3*w + 5*k = 55 - 0. Suppose -4*l - w = -3*u, 5*u + l - 82 = -18. What is the tens digit of u?
1
Let h be (-2)/1 + 10/2. What is the units digit of (-15)/5 + h + 2?
2
Let t(x) = 3*x**3 - 5*x**2 - 4*x + 15. What is the hundreds digit of t(4)?
1
Suppose 2*i + 3*b - 28 = 5*b, -5*b = -2*i + 34. Suppose 0*t - 3*t = -i. What is the units digit of t?
4
Let g = 22 + -14. Suppose 2*r - 10 - 14 = 5*v, -4*r - 4*v - g = 0. Suppose -r*y = -y - 11. What is the tens digit of y?
1
Suppose 3*n + 2*b = n + 126, -3*n = -4*b - 217. Let p = -38 + n. Let d = -21 + p. What is the units digit of d?
8
Suppose -3*f = 4 - 16. Let y(i) = i**3 - 4*i**2 + i - 4. Let t be y(f). Suppose 7 = -4*l + 3*q, 2*l + q - 9 = -t*q. What is the units digit of l?
2
Let p = 13 + -24. Suppose 0 = -13*y + 7*y + 30. Let c = y - p. What is the tens digit of c?
1
Let i(q) = -q**3 + q**2 + q + 14. Let s be i(0). Suppose 0 = -a + s + 5. What is the tens digit of a - 0 - 0/3?
1
Let t = -10 + 15. Let x be ((-2)/6)/(4/(-12)) - -3. Suppose 10*c - 5*c - 40 = x*n, t*c = -4*n. What is the units digit of c?
4
Let r = 282 - 93. What is the hundreds digit of r?
1
Let s(t) = -t**3 - 4*t**2 + 7. What is the tens digit of s(-5)?
3
Suppose 4*x = 3*m - 80, 3*x + 104 = 3*m + 5*x. Suppose 2*a - 36 = s - 0*s, 3*s - m = -a. What is the tens digit of a?
2
Suppose -2*y + 4*o = 12, 5*o + 6 = -4*y + 4*o. Let r = y + 4. Suppose 1 = r*k - 11. What is the units digit of k?
6
Suppose n + 7*z - 2*z - 18 = 0, 2*n - 3*z + 3 = 0. What is the units digit of (-18)/12*(-68)/n?
4
Let v be (-265)/(-15)*(3 + 0). What is the tens digit of (-19 + 15)*v/(-4)?
5
Let u = 21 + -20. What is the tens digit of u/(-1 - 144/(-140))?
3
Let j = 0 + 8. What is the units digit of j?
8
Let m(i) = -i**3 + 3*i**2 + 2*i - 4. Let z be m(3). Suppose -2*l + 4 = -2*d, 0 = l - 5*l + 5*d + 13. What is the tens digit of (l/z)/((-6)/64)?
1
What is the units digit of 17/((-102)/108)*(-32)/3?
2
Suppose 3*y + 23 = -85. Let h = 53 + y. What is the units digit of h?
7
Suppose 0*r = r, 5*l - 60 = 5*r. What is the units digit of l?
2
Let m be (0 + 3)/(-3)*-8. Suppose 15*u = 16*u - m. What is the units digit of u?
8
Let y(g) = 6*g**2 - 6*g**2 - 2*g**2. Let x be y(4). What is the units digit of x/(-10) - (-2)/(-10)?
3
Let h(b) = -7*b - 7. Let s(w) = -8*w - 7. Let t(u) = -6*h(u) + 5*s(u). Let l be t(5). Suppose -4*y - p + l = 5, -5*y = -p - 15. What is the units digit of y?
3
Let s = -6 - -5. Let h(i) = -3*i + 1. Let o be h(s). Suppose -8 = l + 5*v, -3*l + 6 = 2*v + o. What is the units digit of l?
2
Let v = -483 + 900. What is the tens digit of v?
1
Suppose 0*i - i - 5 = 0. Let m = i - -7. Suppose -3*x = -2*y + 8, -5*y + 20 = -m*x + 7*x. What is the units digit of y?
4
Suppose -5*s - 10 = -5*c, 3*c + 0*s - 13 = -4*s. Suppose 2 = c*z - 106. What is the tens digit of z?
3
Let i be -2 + 1 - (-1 + 2). Let j = 3 - i. Suppose 5*b + 15 = -j*y, 3*y + 13 = -0*b + b. What is the units digit of b?
1
Suppose -5*d = 7*d - 1752. What is the units digit of d?
6
Suppose -4*n = k - 4*k - 42, -n = -3. Let m = 4 - k. What is the tens digit of m?
1
Suppose 20 = 4*k, 2*x = -0*x - 5*k + 117. What is the units digit of x?
6
Let u be 0/2*5/(-10). Suppose u*q + 60 = 5*q. Suppose 0 = -3*g + q + 12. What is the units digit of g?
8
Suppose 5*y + 3*i - 11 + 3 = 0, 2*i = -4*y + 8. Suppose -4*r + 3*r - 61 = -y*n, -4*n = -4*r - 52. What is the tens digit of n?
1
Suppose -2*y + 3*v = -0*y - 22, 18 = 3*y + 3*v. What is the units digit of 6*-1*(-4)/y?
3
Suppose 7*c - 2*c - 10 = 0. Suppose -28 = -2*y - c*y. What is the units digit of y?
7
Let d(x) = 2*x - 2. Let m = 10 + -8. Let s be d(m). Suppose s*k = -2*a - 2, 2*k + 3 = a + 7. What is the units digit of k?
1
Suppose 1318 + 926 = 12*v. What is the tens digit of v?
8
Suppose 5*b = -c + 26, 2*b + 3*c - 15 = -2*c. Suppose b*h - 186 = -h. What is the tens digit of h?
3
Let i(z) = z**2 - 5*z + 6. What is the units digit of i(-5)?
6
Let k(v) = v**3 + 5*v**2 - v - 5. Let b be k(-5). Suppose b = h - 0*h - 36. What is the tens digit of h?
3
Suppose -5*d - 7 = 4*k - 2, -4*k - 1 = d. Let h = k - -3. What is the units digit of h?
3
Let l = -289 - -510. What is the hundreds digit of l?
2
Suppose 0 = 3*i + 2*i. Let w = i + 20. What is the tens digit of w?
2
Let c(d) = 2*d - 1. Let f = -8 + 10. Suppose 0 = -f*h - 0*h + 18. What is the units digit of c(h)?
7
Let q(s) = 6*s - 2. Let g(x) = -x**2 + x. Let z be g(-2). Let r be (2/z)/1*-6. What is the units digit of q(r)?
0
Let v(k) = k - 8. What is the units digit of v(11)?
3
Let i(c) = -c**2 - 10*c + 8. Let f be i(-10). Suppose p + p + 2 = 0. Let h = f + p. What is the units digit of h?
7
Let u = -4 + 8. What is the units digit of u?
4
Let u = -8 + 13. Let z(k) be the first derivative of k**2 + 5*k - 13. What is the tens digit of z(u)?
1
Suppose -172 + 22 = -5*b. What is the tens digit of b?
3
Suppose -21*v + 426 = -18*v. What is the tens digit of v?
4
Let h(i) = -i**2 + 6*i